by (4/(-6) - 0)*-66.
37
Let k(g) = 2*g + 5. Let y be k(2). Let a(l) = 2*l + 29. Let q be a(-10). Suppose y = 2*u - q. What is the remainder when u is divided by 6?
3
Suppose 153*i = 450658 + 259109. What is the remainder when i is divided by 20?
19
Suppose -3 = -6*d + 33. Let v(k) = -3*k**2 + 2*k**3 + 2*k - 5*k**2 + d*k**2 - 1. What is the remainder when 21 is divided by v(2)?
10
Suppose -3*o + 15 = 0, o = -151*s + 154*s - 124. Calculate the remainder when (-159 + (2 - 2))*-1 is divided by s.
30
Let s be -10*(-2)/(-5)*(-4 - -2). Suppose s*k - 91 = 101. Calculate the remainder when 142 is divided by k.
22
Let u = -219 - -274. Calculate the remainder when 21 is divided by ((-3)/6*5)/(u/(-132)).
3
Let g be 3 - 4*(-45)/10. Suppose 5*w - 170 = -3*n, -3*n + n - g = -w. Calculate the remainder when 55 is divided by w.
24
Let f(q) = 3*q**3 - 19*q**2 + 9*q - 13. Let h be f(6). Suppose -t = 6*w - 8*w + 42, -h*t - 42 = -2*w. Calculate the remainder when w is divided by 13.
8
Let s be (-140)/(-3)*(3360/25)/(-8). Calculate the remainder when (29/(-6))/(s/96 - -8) is divided by 22.
7
Suppose 3*u = h - 1807, -4*h + 5*u = -3342 - 3893. What is the remainder when 5435 is divided by h?
5
Let y(d) = 80*d + 582. Calculate the remainder when 7501 is divided by y(-7).
21
What is the remainder when 439 is divided by (-1409)/(-8) - 2 - (3 - -3)/48?
91
Suppose 3*o = -l + 48, l + 5*o - 51 - 7 = 0. What is the remainder when 79 is divided by -10 + 5 + l + (-1 - 4)?
10
Let p(d) = -12*d - 30. Suppose 217*z - 4 = 218*z. Calculate the remainder when 191 is divided by p(z).
11
Let k = 10 + 0. Let c(l) = 2*l**2 - 6*l - 24. Let m be c(-9). Suppose 310*o = 314*o - m. What is the remainder when o is divided by k?
8
Suppose -3*p = 4*o - 9316, -2*p - 5*o + 5783 = -437. What is the remainder when p is divided by 107?
104
Let h(f) = -5*f**2 - 59*f - 10. What is the remainder when 840 is divided by h(-11)?
24
Suppose 0 = 2*g + 2*u - 182, 9 = -g - 2*u + 105. Let b = g - 80. Calculate the remainder when 9 is divided by b.
3
Let z = -5476 - -5532. Calculate the remainder when 1198 is divided by z.
22
Suppose -4*a + 116 = -4*o, -5*a = -2*o - o - 145. Suppose 0 = -2*i - 2*t, -i - 18 = 5*t - 22. What is the remainder when a is divided by -5*(32/(-20) - i) - -8?
7
Let w(o) = o + 31. Let d be w(-30). Suppose 3*p = -5*t + 295, 5*p = 3*t - 7*t + 483. What is the remainder when p is divided by d + -6 + (-8)/((-32)/156)?
27
Let i(k) = 5*k - 11. Let o be i(-22). Let m = -68 - o. Suppose 0 = 3*v - 27 - 27. Calculate the remainder when m is divided by v.
17
Suppose 3*u + 25 = 2*q, -4*q + 2*u + 2 = -36. Suppose -8*g + 64 = q. Suppose g*a - 2*a = -15, -4*l + 5*a = -59. What is the remainder when l is divided by 4?
3
Suppose -55*r = -23*r - 31296. Calculate the remainder when r is divided by 10.
8
Suppose 796 = v + 86. Suppose v = 4*p + p. Suppose 128 = 4*a + 3*y, 2*a - 25 = 4*y + 17. What is the remainder when p is divided by a?
26
Suppose 2*o - 5*t + 30 = -3*o, 2*t = -2. Calculate the remainder when 32/80 - (-246)/10 is divided by o/((-2)/((-1)/(1/(-2)))).
4
Let y(s) be the first derivative of s**4/6 + s**3/2 + s**2 - 8. Let n(o) be the second derivative of y(o). What is the remainder when 19 is divided by n(1)?
5
Let q(o) = o**2 + 11*o + 6. Let b be q(-12). Suppose s - 27 = 2*v + 3*v, 4*v = -2*s - 2. Let r = b - s. Calculate the remainder when 31 is divided by r.
9
What is the remainder when 1716 is divided by ((-16762)/(-153) - 3) + 4/9?
4
Let f(p) = -66*p + 61. Let r be f(8). Let y = 537 + r. Let b(j) = j**2 + 2*j + 4. Calculate the remainder when y is divided by b(-5).
13
Let t(z) be the second derivative of z**4/12 - 4*z**3/3 - 3*z**2 + z + 49. Calculate the remainder when 180 is divided by t(10).
12
Let c(i) = -i. Let t(b) = -57*b - 2. Let r(y) = 6*c(y) - t(y). Suppose -107*u + 2 - 10 = -115*u. Calculate the remainder when r(u) is divided by 11.
9
What is the remainder when (-1)/(((-130)/(-32) - 3) + -1)*-8 is divided by 22?
18
Suppose -5*u - 27 = -92. Let b(t) be the first derivative of -t**4/4 - 8*t**3 + 23*t**2/2 - 3*t - 10. Calculate the remainder when b(-25) is divided by u.
8
Calculate the remainder when 1338 is divided by (16905/(-196))/(-1*(-6)/(-16)).
188
Let o be ((-1)/(-3))/(((-35)/(-2985))/7). Suppose 2*w + o = 5*s - 2*w, 3*s - 120 = 3*w. Calculate the remainder when s is divided by (-86)/(-11) + (-2)/(-11).
7
Let v(b) = 3*b**3 - b**2. Let i be v(1). Let l(n) = -n + 17. What is the remainder when i*(-3)/(-12) + (-340)/(-8) is divided by l(13)?
3
Let d(l) = 3*l + 28. Let f be d(9). Suppose -15 = -o + y, -2*o + 0*y + 40 = -4*y. What is the remainder when o is divided by 1 - 3 - f/(-5)?
1
Suppose 2*b - 223 = -5*j, -4*b - j - 4*j + 461 = 0. Suppose 3*p - 3*z = 87, 2*p - 30 - 26 = 4*z. Calculate the remainder when b is divided by p.
29
Calculate the remainder when 511 is divided by ((-3)/(-1))/(13 - 8732/672).
7
What is the remainder when 1028 is divided by 5 - (-91 + (12 - 2))?
82
Let j be (-27)/2*10/(-3). Let s(u) = -u**3 + 19*u**2 + 46*u - 50. Let g be s(21). Let o = j - g. Calculate the remainder when 42 is divided by o.
9
Suppose -13*d - 507 = 102 - 869. Calculate the remainder when 511 is divided by d.
11
Let k(h) = -h**3 + 61*h**2 + 2*h - 62. What is the remainder when 1128 is divided by k(61)?
48
Let d be 11/4*(-38 - -10). Calculate the remainder when 35 is divided by -1 - -2 - d/(6 + 1).
11
Suppose 13*o - 192 = 406. Let r be (-2 + 2)/(1 - 3). What is the remainder when o is divided by 14 - (r/4 - -2)?
10
Suppose -8*b = -22*b + 584 - 24. What is the remainder when 1264 is divided by b?
24
Let f = 24 - -12. Let y = f + -33. Suppose y*j + 5*j = 488. Calculate the remainder when j is divided by 16.
13
Let w = -75 - -79. Suppose 0 = w*a - 7*a + 63. Suppose a = 5*u - 74. Calculate the remainder when 112 is divided by u.
17
Suppose 235 = 3*y - 2*f, 239 = 2*y + y - 4*f. Suppose 0 = -3*b - 2*g + y, -5*b + 205 = -g + 55. Calculate the remainder when b is divided by 50/3 - 4/6.
13
Let d(p) = -13*p - 2. What is the remainder when 952 is divided by d(-1)?
6
Suppose 174*x = 6057 + 8037. What is the remainder when x is divided by 41?
40
Let h(j) = -41*j**3 + 3*j**2 - 90*j - 190. Calculate the remainder when h(-2) is divided by 36.
6
Let s(t) = -42 - 38 + 37*t**2 + 4374*t**3 - 10*t - 4373*t**3. Calculate the remainder when s(-37) is divided by 73.
71
Suppose -2*r + 43 = 3*f, f - 2*f = 5*r - 101. What is the remainder when -813*4/(-20) - (-8)/r is divided by 33?
31
Let z(q) = 18*q**2 - 6*q + 4. Let v = 491 + -237. What is the remainder when v is divided by z(2)?
62
Let t be ((-9)/(-6))/(63/462). Suppose 0*w + t*w = 473. What is the remainder when 155 is divided by w?
26
Suppose -4*s - 4*b = 26 - 106, 0 = -3*b - 15. Suppose -2*u = -5*u. Suppose u = -22*l + s*l - 36. Calculate the remainder when 81 is divided by l.
9
Let d be (-2)/(-8) - 1540/(-112). Suppose -322 = d*x - 21*x. Calculate the remainder when 91 is divided by x.
45
Let k = 12250 + -12236. Calculate the remainder when 2741 is divided by k.
11
What is the remainder when 511 is divided by (-1092)/(-28) + 2 + 11?
43
Let q(z) = 8*z**2 + 32*z + 104. What is the remainder when 299 is divided by q(-4)?
91
Suppose 36 = 6*s - 96. Suppose 0 = q + 21 - 74. Calculate the remainder when q is divided by s.
9
Let v be (-4)/6*-6 + -3 + -4. Let c(y) = -29*y - 83. Calculate the remainder when 150 is divided by c(v).
2
Let o(y) = 22*y**3 + 11*y**2 - 15*y - 51. What is the remainder when o(3) is divided by 133?
65
Suppose 3*r = 7*r + p - 23, r = -2*p + 18. Calculate the remainder when 4667 is divided by r.
3
Suppose -2*q - q + 9 = 0. Suppose 0 = 3*j + q*v - 102, -5*j + 5*v + 51 = -129. Calculate the remainder when (-2 - 1) + 140*(-3 + 4) is divided by j.
32
Suppose -1008 = 17*w - 35*w. Suppose -2*z + 4*g + 24 = 6*g, -5*z - g + w = 0. Calculate the remainder when 119 is divided by z.
9
Suppose 39*i = 1413 - 471 + 16452. What is the remainder when i is divided by 28?
26
Suppose 3078 = s - 2*l, 6215 = 5*s + 5*l - 9115. Calculate the remainder when 294 is divided by (-2)/6 - s/(-30).
90
Let c be 15/(-45)*(1/(-1) - 113). Suppose -14*s = -16*s - a + c, 4*a = -5*s + 89. Calculate the remainder when 143 is divided by s.
17
Suppose 10 = -4*i - 2*g - 20, -4*g